
What is the thousands digit of 9224?
9
What is the tens digit of 142?
4
What is the hundreds digit of 1433?
4
What is the ten thousands digit of 44866?
4
What is the hundreds digit of 67960?
9
What is the ten thousands digit of 44035?
4
What is the hundreds digit of 10012?
0
What is the thousands digit of 4024?
4
What is the units digit of 6934?
4
What is the units digit of 22996?
6
What is the units digit of 5874?
4
What is the tens digit of 307?
0
What is the tens digit of 19697?
9
What is the units digit of 35264?
4
What is the ten thousands digit of 41438?
4
What is the tens digit of 65759?
5
What is the tens digit of 38569?
6
What is the tens digit of 4556?
5
What is the thousands digit of 8603?
8
What is the thousands digit of 11572?
1
What is the tens digit of 1897?
9
What is the hundreds digit of 8218?
2
What is the thousands digit of 40938?
0
What is the tens digit of 1335?
3
What is the thousands digit of 4330?
4
What is the hundreds digit of 660?
6
What is the tens digit of 3424?
2
What is the tens digit of 4760?
6
What is the tens digit of 45?
4
What is the units digit of 3521?
1
What is the tens digit of 6868?
6
What is the hundreds digit of 59762?
7
What is the thousands digit of 107695?
7
What is the units digit of 24492?
2
What is the thousands digit of 80183?
0
What is the hundreds digit of 21863?
8
What is the units digit of 34796?
6
What is the hundreds digit of 1409?
4
What is the tens digit of 4946?
4
What is the units digit of 401?
1
What is the units digit of 1503?
3
What is the tens digit of 9724?
2
What is the tens digit of 4313?
1
What is the units digit of 17822?
2
What is the tens digit of 951?
5
What is the thousands digit of 30997?
0
What is the ten thousands digit of 39683?
3
What is the hundreds digit of 119422?
4
What is the ten thousands digit of 91850?
9
What is the hundreds digit of 408?
4
What is the units digit of 5665?
5
What is the tens digit of 39403?
0
What is the thousands digit of 13971?
3
What is the tens digit of 4362?
6
What is the thousands digit of 14090?
4
What is the tens digit of 1424?
2
What is the hundred thousands digit of 110294?
1
What is the tens digit of 645?
4
What is the thousands digit of 1112?
1
What is the tens digit of 27400?
0
What is the tens digit of 28002?
0
What is the units digit of 1827?
7
What is the hundreds digit of 5606?
6
What is the units digit of 7637?
7
What is the tens digit of 31517?
1
What is the hundreds digit of 11041?
0
What is the tens digit of 87179?
7
What is the hundreds digit of 6650?
6
What is the hundreds digit of 3903?
9
What is the hundreds digit of 4718?
7
What is the tens digit of 491?
9
What is the thousands digit of 1198?
1
What is the tens digit of 1012?
1
What is the hundreds digit of 57851?
8
What is the units digit of 868?
8
What is the units digit of 78825?
5
What is the units digit of 52813?
3
What is the tens digit of 11878?
7
What is the hundreds digit of 97161?
1
What is the tens digit of 61?
6
What is the ten thousands digit of 12538?
1
What is the tens digit of 10994?
9
What is the hundreds digit of 179123?
1
What is the units digit of 1345?
5
What is the hundreds digit of 20090?
0
What is the units digit of 1530?
0
What is the hundreds digit of 4290?
2
What is the thousands digit of 2036?
2
What is the tens digit of 21316?
1
What is the tens digit of 5909?
0
What is the tens digit of 3050?
5
What is the units digit of 12225?
5
What is the tens digit of 10205?
0
What is the units digit of 1296?
6
What is the units digit of 1348?
8
What is the ten thousands digit of 83487?
8
What is the thousands digit of 5608?
5
What is the thousands digit of 21985?
1
What is the units digit of 6061?
1
What is the hundreds digit of 14186?
1
What is the thousands digit of 2899?
2
What is the thousands digit of 44024?
4
What is the hundreds digit of 3728?
7
What is the thousands digit of 8804?
8
What is the units digit of 32587?
7
What is the hundreds digit of 4799?
7
What is the thousands digit of 3219?
3
What is the hundreds digit of 1303?
3
What is the hundreds digit of 21832?
8
What is the tens digit of 804?
0
What is the units digit of 3890?
0
What is the hundreds digit of 8937?
9
What is the thousands digit of 4007?
4
What is the ten thousands digit of 58237?
5
What is the tens digit of 616?
1
What is the hundreds digit of 39071?
0
What is the units digit of 9909?
9
What is the hundreds digit of 1729?
7
What is the tens digit of 4223?
2
What is the thousands digit of 11371?
1
What is the tens digit of 25832?
3
What is the ten thousands digit of 161208?
6
What is the hundreds digit of 53866?
8
What is the tens digit of 114798?
9
What is the thousands digit of 67683?
7
What is the ten thousands digit of 61705?
6
What is the thousands digit of 3249?
3
What is the thousands digit of 1833?
1
What is the hundreds digit of 985?
9
What is the units digit of 22772?
2
What is the hundreds digit of 786?
7
What is the hundreds digit of 346?
3
What is the tens digit of 8239?
3
What is the tens digit of 12937?
3
What is the units digit of 1409?
9
What is the thousands digit of 3050?
3
What is the thousands digit of 1135?
1
What is the ten thousands digit of 23623?
2
What is the tens digit of 14245?
4
What is the hundreds digit of 905?
9
What is the tens digit of 32505?
0
What is the thousands digit of 4817?
4
What is the units digit of 5457?
7
What is the tens digit of 909?
0
What is the tens digit of 7485?
8
What is the units digit of 11750?
0
What is the tens digit of 17794?
9
What is the hundreds digit of 61764?
7
What is the tens digit of 65591?
9
What is the ten thousands digit of 74139?
7
What is the units digit of 5518?
8
What is the thousands digit of 94959?
4
What is the hundreds digit of 72393?
3
What is the tens digit of 348?
4
What is the units digit of 772?
2
What is the units digit of 2224?
4
What is the ten thousands digit of 19256?
1
What is the tens digit of 433?
3
What is the units digit of 2222?
2
What is the tens digit of 1003?
0
What is the ten thousands digit of 14425?
1
What is the hundreds digit of 4176?
1
What is the hundreds digit of 1294?
2
What is the units digit of 83071?
1
What is the units digit of 3389?
9
What is the tens digit of 41125?
2
What is the hundreds digit of 904?
9
What is the tens digit of 2934?
3
What is the thousands digit of 27082?
7
What is the ten thousands digit of 47610?
4
What is the thousands digit of 4677?
4
What is the hundreds digit of 10013?
0
What is the hundreds digit of 3074?
0
What is the tens digit of 703?
0
What is the tens digit of 542?
4
What is the hundreds digit of 1824?
8
What is the units digit of 27492?
2
What is the ten thousands digit of 11413?
1
What is the tens digit of 3553?
5
What is the tens digit of 534?
3
What is the hundreds digit of 519?
5
What is the hundreds digit of 24313?
3
What is the units digit of 3285?
5
What is the thousands digit of 3138?
3
What is the units digit of 82192?
2
What is the tens digit of 5485?
8
What is the hundreds digit of 699?
6
What is the units digit of 21189?
9
What is the units digit of 628?
8
What is the units digit of 1419?
9
What is the thousands digit of 1110?
1
What is the tens digit of 70863?
6
What is the thousands digit of 89615?
9
What is the hundreds digit of 554?
5
What is the tens digit of 395?
9
What is the hundreds digit of 3607?
6
What is the thousands digit of 18455?
8
What is the thousands digit of 39209?
9
What is the thousands digit of 58408?
8
What is the thousands digit of 2647?
2
What is the tens digit of 2130?
3
What is the hundreds digit of 2087?
0
What is the hundreds digit of 1164?
1
What is the units digit of 288?
8
What is the units digit of 683?
3
What is the hundreds digit of 1470?
4
What is the hundreds digit of 6822?
8
What is the units digit of 16103?
3
What is the thousands digit of 34338?
4
What is the units digit of 13567?
7
What is the tens digit of 96540?
4
What is the tens digit of 1080?
8
What is the hundreds digit of 15814?
8
What is the tens digit of 15094?
9
What is the thousands digit of 58250?
8
What is the units digit of 1040?
0
What is the tens digit of 11836?
3
What is the thousands digit of 3522?
3
What is the thousands digit of 4790?
4
What is the units digit of 1971?
1
What is the thousands digit